ose 4*o + 4*j - 9600 = -0*o, -36 = -6*j. What are the prime factors of o?
2, 3, 7, 19
Suppose 14160 = -6*p + 14*p. Suppose -p = 209*y - 204*y. Let k = -115 - y. What are the prime factors of k?
239
Let w(h) = -40*h + 13. Let y(c) = -16*c + 62. Let t be y(4). List the prime factors of w(t).
3, 31
What are the prime factors of (-18)/(-27)*3786/10*375/10?
3, 5, 631
Let j(q) = 4*q - 38. Let g(u) = -u**3 - u**2 - 2*u + 23. Let y(d) = -d**3 - 19*d**2 - 19*d - 18. Let h be y(-18). Let b be g(h). List the prime factors of j(b).
2, 3
Let l be (-24)/4*(-15)/6. Suppose -11 = 2*z - l. List the prime factors of (-1048)/(-6) - z/3.
2, 3, 29
List the prime factors of 27 + 3771 + (2 - 0/(-3)).
2, 5, 19
Suppose 24*s - 150780 = -11*s. List the prime factors of s.
2, 3, 359
Let k be (-134)/(-2) + (-11 - -9)/1. Suppose -3*n = -0*n - 6. Suppose y = -y - j + 145, y + n*j = k. List the prime factors of y.
3, 5
Suppose -4*d = -j + 4162, -j - 4*j + 3*d + 20810 = 0. Suppose -31*k - 225 = -j. What are the prime factors of k?
127
Let v = 57303 - -17086. List the prime factors of v.
7, 10627
Let x(w) = 2*w**3 - 15*w**2 + w + 75. What are the prime factors of x(9)?
3, 109
Suppose -18*u + 158 + 22 = 0. Suppose u*x = 5948 + 3022. What are the prime factors of x?
3, 13, 23
Let m(x) = -200*x + 269. Let z(s) = -67*s + 90. Let i(l) = 3*m(l) - 8*z(l). What are the prime factors of i(-6)?
3, 157
Let z = 27 - 23. Suppose v = 4*o + 224, -z*o + 232 = 2*v - v. List the prime factors of v.
2, 3, 19
Suppose 2*f + 15 + 8 = 3*w, 3*w + 3*f - 18 = 0. Suppose w*n = 18*n. Suppose -3*d + 0*d + 150 = n. List the prime factors of d.
2, 5
Suppose 0 = 5*r - g + 4*g - 23, 13 = -r - 5*g. List the prime factors of r.
7
Suppose -5*s + 16 = -14. Suppose 560 = -s*b + 13*b. What are the prime factors of b?
2, 5
Let u = -2181 + 33451. List the prime factors of u.
2, 5, 53, 59
Suppose 136 = 21*z + 31. Suppose 5*k - z*v = 522 + 88, 5*v = -3*k + 342. What are the prime factors of k?
7, 17
Let m = -1 - -15. Suppose -5*a = -q - 2*q + m, 3*q + 26 = -5*a. What are the prime factors of ((-1)/(-6)*a)/((-3)/54)?
2, 3
Suppose 37*k + 157899 = 110*k. List the prime factors of k.
3, 7, 103
Let c(r) be the second derivative of 155*r**3/6 - 51*r**2 - 310*r. What are the prime factors of c(7)?
983
Suppose -18*j - 10 = -23*j. Suppose j*p = 6*p + 3*o - 868, -p = 3*o - 208. What are the prime factors of p?
2, 5, 11
Let c(g) = -4*g**3 - 15*g**2 - 23*g + 2. List the prime factors of c(-17).
2, 5, 1571
Let o = -2694 + 14029. List the prime factors of o.
5, 2267
Suppose 0 = -5*l + 2*c + 15432, 3*l = -11*c + 8*c + 9255. What are the prime factors of l?
2, 1543
Let l(a) = a**3 - 33*a**2 + 63*a - 169. List the prime factors of l(56).
19, 29, 137
Let h be 2/((-6)/18 - (-4)/3). Suppose 0 = -h*c - 46 + 54. List the prime factors of c.
2
Let y = -18 + 26. Suppose -y*k + 188 = -300. List the prime factors of k.
61
Let g be 2208/2 + 6*5/15. Let v = -601 + g. Suppose r = 4*r - 4*x - v, -3*r = 3*x - 519. What are the prime factors of r?
3, 19
Let x = 29288 + -17189. What are the prime factors of x?
3, 37, 109
Let f = 5714 + 1026. What are the prime factors of f?
2, 5, 337
Suppose 4*l - 19747 = -p, -26*l - 2 = -27*l. List the prime factors of p.
19739
Suppose -4*w + 2*m + 59 = -3*m, -40 = -5*w - 5*m. Let q be 5/((-5)/2)*(9 - w). Suppose -3*y + 234 = -0*r - q*r, -2*r = 6. List the prime factors of y.
2, 37
Suppose 4*m + l = 5*m - 3, -m + 3*l + 11 = 0. What are the prime factors of (726 - -4 - 1) + (m - -5)?
733
Suppose -3*h = 525*z - 527*z - 95873, -3*z = 3*h - 95883. List the prime factors of h.
3, 53, 67
Suppose 0 = 2*j + 2*c + 162, -3*c + 167 = -2*j - 4*c. Let n = -84 - j. What are the prime factors of (n/(-2) - 1)/(-2)*83?
83
Suppose 25*y - 32*y = 1834. Let m = -135 - y. List the prime factors of m.
127
Suppose -18*y + 2091 + 321 = 0. Suppose -2*p = g - y, p + 488 = 4*g - 3*p. What are the prime factors of g?
2, 3, 7
Let h(n) = n**2 - 32*n. Let o be h(33). What are the prime factors of o*1/(15/40)?
2, 11
Let b(p) = 16*p + 123. Suppose 0 = -5*g - 18 + 68. List the prime factors of b(g).
283
Suppose -28*m = 6*m. Suppose m*t + 4*t = 4*s + 4128, 5*t - 2*s - 5148 = 0. What are the prime factors of t?
2, 257
Suppose -g = -0*g - 228. Let s be ((-1056)/(-40))/((-1)/((-30)/(-9))). Let r = g + s. List the prime factors of r.
2, 5, 7
Suppose 6*z - 84323 = -4*z + 206927. What are the prime factors of z?
5, 233
Let v(w) = 5*w - 11. Let z be v(-26). Let x = z + 159. What are the prime factors of x?
2, 3
Let c be -3*(4 + (-14)/(-6) + -3). Let t(v) = -15*v - 56. Let b be t(c). Suppose -5*f - k + 461 = 0, 5 - b = -f + 3*k. What are the prime factors of f?
2, 23
Suppose 4*b - 48585 = -5*d - 16655, 0 = -5*b + 3*d + 39894. What are the prime factors of b?
2, 3, 5, 7, 19
Suppose 5 = i, -5*v - 15 = -5*i + 10. Suppose v = 3*g + 6*g + 522. Let w = 323 + g. List the prime factors of w.
5, 53
Let q(a) = 4*a**2 + 17*a + 18. Let j(z) = -z**3 - 30*z**2 - 28*z + 16. Let l be j(-29). What are the prime factors of q(l)?
11, 43
Suppose 0 = 87*w - 83*w - 16. Let d be w/(-3)*63/(-6). What are the prime factors of ((-7)/(d/156))/(4/(-4))?
2, 3, 13
Let n = 102 + -98. Suppose -4*p + 15 - 7 = 0. List the prime factors of (-5 + n)*2/p + 101.
2, 5
Let o be (36/27)/(1/(-12))*-86. Let x = 2757 - o. List the prime factors of x.
1381
Let d(n) = -n**3 + 10*n**2 + n - 6. Let i be d(10). Suppose 15*g - 19*g + 4*m = -4628, 0 = 5*g - i*m - 5785. What are the prime factors of g?
13, 89
Suppose 3*o = -3*r + 18, 2*o = 5*r - 2*o + 6. Suppose -r*t - k + 412 + 1063 = 0, 0 = -5*t + 3*k + 3693. What are the prime factors of t?
2, 3, 41
List the prime factors of (105/(-9) - -3)/(44/(-49434)).
7, 13, 107
Let c = 16 + -11. Let s be 5 - ((-10)/20 + 9/6). What are the prime factors of (c - s - -555)*2/8?
139
Suppose -444 = z - 453. Suppose v = -2 + 10. Let x = z + v. List the prime factors of x.
17
Let p(s) = -83*s - 7040. What are the prime factors of p(-104)?
2, 199
Let q(o) = -29339*o - 1477. List the prime factors of q(-1).
2, 13931
Let h(g) = 370*g**2 - 218*g - 1113. What are the prime factors of h(-5)?
9227
What are the prime factors of (-10)/20 + (-1 - (-37146)/12)?
2, 7, 13, 17
Suppose -2*o + h + 408 = 0, o - 4*h + 222 = 2*o. Let a = o + 34. List the prime factors of a.
2, 3, 5
Suppose 0 = 5*f - 5*l + 15, -2*l = -f - 4*f. Let m be (9 + -4)/(f/2 - 0). List the prime factors of (-52)/(-130) - (-113)/m.
23
Let t = 98 + -18. Let h = 57 - t. What are the prime factors of (3 - 9/(-3)*-4)*h?
3, 23
Let q(k) = -21*k**3 - 25*k**2 - 27*k + 269. What are the prime factors of q(-15)?
2, 16481
List the prime factors of (-9 + 6)*81147/(-11).
3, 2459
Suppose 2*o - 28124 = -44*i + 43*i, 4*i = -2*o + 28112. What are the prime factors of o?
2, 3, 293
Let v(d) = 5*d**3 + 17*d**2 + 8*d + 1475. Let u(w) = w**3 + 4*w**2 + 2*w + 369. Let y(f) = 9*u(f) - 2*v(f). What are the prime factors of y(0)?
7, 53
Let f(n) = -8*n**3 - 3*n**2 + 11*n - 6. Suppose -7 = -4*i + 9. Let q be f(i). Let t = 764 + q. List the prime factors of t.
2, 11
Suppose -9*p - p + 6*p + 74584 = 0. List the prime factors of p.
2, 9323
Let z(u) = -9 + 25*u**2 - 11 + 24*u**2 + 14 - 7*u. List the prime factors of z(3).
2, 3, 23
Let b(i) = -i**2 - 27*i - 44. Let d(y) = -y**3 - 2*y**2 + 1. Let k be d(-2). Let f(h) = -25*h + 4. Let g be f(k). What are the prime factors of b(g)?
2, 41
Let k(d) be the third derivative of -d**4/24 - d**3/6 + 31*d**2. Let j(l) = 10*l + 65. Let v(a) = j(a) + k(a). List the prime factors of v(0).
2
Let m be (-7)/(-35) - 59/(-5). Suppose -17*a = -m - 22. Suppose d + 92 = -a*z + 339, -4*z - 4 = 0. List the prime factors of d.
3, 83
Let h = 932 - 649. Suppose -5*j + h = -162. Suppose 8*b - j = 7*b. List the prime factors of b.
89
Suppose 0 = -7*j - 3*b + 44685, -2*b = 2*j - 14404 + 1638. List the prime factors of j.
2, 3, 7, 19
Suppose 8 = 2*h, -5*m - h = -0*h - 19. Let a be ((-3)/m)/((-3 + 7)/(-4)). List the prime factors of 30*(a/2)/((-4)/(-8)).
2, 3, 5
Suppose -10*r + 191 = -99. Suppose 3*x - 38 + 440 = 0. Let t = r - x. What are the prime factors of t?
163
Let q = 557 + 412. Let n = q - 634. What are the prime factors of n?
5, 67
Suppose 3*m = -5*q + 6*m + 164, -5*q - 5*m = -140. Let x = -27 + q. Suppose -x*l + 5*o + 560